{"id":1196,"date":"2020-12-30T17:49:23","date_gmt":"2020-12-30T16:49:23","guid":{"rendered":"http:\/\/tst.minijets.org\/?page_id=1196"},"modified":"2022-11-08T16:53:56","modified_gmt":"2022-11-08T15:53:56","slug":"ventus-ctt","status":"publish","type":"page","link":"http:\/\/minijets.org\/en\/0-100\/jetcat-p160\/ventus-ctt\/","title":{"rendered":"Ventus ctT"},"content":{"rendered":"<div class=\"wp-block-columns is-layout-flex wp-container-core-columns-is-layout-28f84493 wp-block-columns-is-layout-flex\">\n<div class=\"wp-block-column is-layout-flow wp-block-column-is-layout-flow\">\n<p>La premi\u00e8re apparition en public de ce Ventus  ctT \u00e9quip\u00e9 d&#8217;un Jet-Cat P160 a eu lieu en\u00a0<strong>2002<\/strong>\u00a0\u00e0 AalenElchingen, un a\u00e9rodrome situ\u00e9 au Sud-est de Stuttgart. Elle s&#8217;est d\u00e9roul\u00e9e lors de la r\u00e9union annuelle de l&#8217;Idaflieg. Les Idaflieg \u00e9tant des manifestations annuelles o\u00f9 les\u00a0Akaflieg Allemands en profitent pour pr\u00e9senter leurs derniers travaux.\u00a0<\/p>\n\n\n\n<p>Comme il se doit, la pr\u00e9sentation par&nbsp;<strong>Martin K\u00e4ppeler<\/strong>&nbsp;de Hambourg de son&nbsp;<strong>Ventus ctT<\/strong>&nbsp;\u00e9quip\u00e9 d&#8217;un petit JetCat devant donner 12 kg de pouss\u00e9e, a \u00e9t\u00e9 un \u00e9v\u00e9nement marquant.<\/p>\n\n\n\n<p>Le r\u00e9acteur \u00e9tait fix\u00e9 sur un pyl\u00f4ne situ\u00e9 sur la haut du fuselage, derri\u00e8re la cabine du pilotage. Ce pyl\u00f4ne abritait un r\u00e9servoir de carburant d&#8217;une capacit\u00e9 9 litres.<\/p>\n\n\n\n<p>Ce r\u00e9acteur permet au Ventus de conserver une vitesse de 100 kilom\u00e8tres \u00e0 heure (54kt) tout en ayant un vario extr\u00eamement poussif (soit 5cm\/s &nbsp;ou 0,01 kt\/s) pendant 15 \u00e0 20 minutes.<\/p>\n\n\n\n<p>L&#8217;objectif de cette pr\u00e9sentation \u00e9tait de pr\u00e9senter le syst\u00e8me aux services officiels Allemands (LBA, toujours pr\u00e9sents dans les Idaflieg) afin de leur permettre de constater le niveau de bruit de l&#8217;appareil. Cette d\u00e9marche \u00e9tait destin\u00e9e \u00e0 faire \u00e9voluer les r\u00e8gles de certification concernant ce nouveau mode de propulsion.<\/p>\n\n\n\n<p>Cette d\u00e9marche s&#8217;av\u00e9ra payante, puisqu&#8217;il fut accord\u00e9 deux permis de voler l&#8217;un pour ce Ventus CTT, l&#8217;autre pour un Ventus CM qui sera \u00e9quip\u00e9 de 2 JetCat 160 de 18 kg de pouss\u00e9e.&nbsp;<\/p>\n<\/div>\n\n\n\n<div class=\"wp-block-column is-layout-flow wp-block-column-is-layout-flow\">\n<figure class=\"wp-block-image size-large\"><img loading=\"lazy\" decoding=\"async\" width=\"500\" height=\"295\" src=\"http:\/\/minijets.org\/wp-content\/uploads\/2020\/12\/Ventus_CTT_jet_01.jpg\" alt=\"\" class=\"wp-image-1195\" srcset=\"https:\/\/minijets.org\/wp-content\/uploads\/2020\/12\/Ventus_CTT_jet_01.jpg 500w, https:\/\/minijets.org\/wp-content\/uploads\/2020\/12\/Ventus_CTT_jet_01-300x177.jpg 300w, https:\/\/minijets.org\/wp-content\/uploads\/2020\/12\/Ventus_CTT_jet_01-18x12.jpg 18w\" sizes=\"auto, (max-width: 500px) 100vw, 500px\" \/><figcaption class=\"wp-element-caption\">Source : Sailplane and gliding 12\/2002, photo : Jochen Ewal<\/figcaption><\/figure>\n\n\n\n<figure class=\"wp-block-image size-large\"><img loading=\"lazy\" decoding=\"async\" width=\"666\" height=\"742\" src=\"http:\/\/minijets.org\/wp-content\/uploads\/2020\/12\/Ventus_CTT_jet_02.jpg\" alt=\"\" class=\"wp-image-1194\" srcset=\"https:\/\/minijets.org\/wp-content\/uploads\/2020\/12\/Ventus_CTT_jet_02.jpg 666w, https:\/\/minijets.org\/wp-content\/uploads\/2020\/12\/Ventus_CTT_jet_02-269x300.jpg 269w, https:\/\/minijets.org\/wp-content\/uploads\/2020\/12\/Ventus_CTT_jet_02-11x12.jpg 11w\" sizes=\"auto, (max-width: 666px) 100vw, 666px\" \/><figcaption class=\"wp-element-caption\">Source : Sailplane and gliding 12\/2002, photo : Jochen Ewal<\/figcaption><\/figure>\n<\/div>\n<\/div>","protected":false},"excerpt":{"rendered":"<p>La premi\u00e8re apparition en public de ce Ventus ctT \u00e9quip\u00e9 d&#8217;un Jet-Cat P160 a eu lieu en\u00a02002\u00a0\u00e0 AalenElchingen, un a\u00e9rodrome situ\u00e9 au Sud-est de Stuttgart. Elle s&#8217;est d\u00e9roul\u00e9e lors de la r\u00e9union annuelle de l&#8217;Idaflieg. Les Idaflieg \u00e9tant des manifestations annuelles o\u00f9 les\u00a0Akaflieg Allemands en profitent pour pr\u00e9senter leurs derniers travaux.\u00a0 Comme il se doit, [&hellip;]<\/p>\n","protected":false},"author":1,"featured_media":1195,"parent":242,"menu_order":0,"comment_status":"closed","ping_status":"closed","template":"","meta":{"_acf_changed":false,"cybocfi_hide_featured_image":"","footnotes":""},"categories":[17],"tags":[],"planes-000-100":[],"class_list":["post-1196","page","type-page","status-publish","has-post-thumbnail","hentry","category-plane-000-100"],"blocksy_meta":[],"acf":[],"_links":{"self":[{"href":"http:\/\/minijets.org\/en\/wp-json\/wp\/v2\/pages\/1196","targetHints":{"allow":["GET"]}}],"collection":[{"href":"http:\/\/minijets.org\/en\/wp-json\/wp\/v2\/pages"}],"about":[{"href":"http:\/\/minijets.org\/en\/wp-json\/wp\/v2\/types\/page"}],"author":[{"embeddable":true,"href":"http:\/\/minijets.org\/en\/wp-json\/wp\/v2\/users\/1"}],"replies":[{"embeddable":true,"href":"http:\/\/minijets.org\/en\/wp-json\/wp\/v2\/comments?post=1196"}],"version-history":[{"count":0,"href":"http:\/\/minijets.org\/en\/wp-json\/wp\/v2\/pages\/1196\/revisions"}],"up":[{"embeddable":true,"href":"http:\/\/minijets.org\/en\/wp-json\/wp\/v2\/pages\/242"}],"wp:featuredmedia":[{"embeddable":true,"href":"http:\/\/minijets.org\/en\/wp-json\/wp\/v2\/media\/1195"}],"wp:attachment":[{"href":"http:\/\/minijets.org\/en\/wp-json\/wp\/v2\/media?parent=1196"}],"wp:term":[{"taxonomy":"category","embeddable":true,"href":"http:\/\/minijets.org\/en\/wp-json\/wp\/v2\/categories?post=1196"},{"taxonomy":"post_tag","embeddable":true,"href":"http:\/\/minijets.org\/en\/wp-json\/wp\/v2\/tags?post=1196"},{"taxonomy":"planes-000-100","embeddable":true,"href":"http:\/\/minijets.org\/en\/wp-json\/wp\/v2\/planes-000-100?post=1196"}],"curies":[{"name":"wp","href":"https:\/\/api.w.org\/{rel}","templated":true}]}}

<div class="wp-block-columns is-layout-flex wp-container-core-columns-is-layout-28f84493 wp-block-columns-is-layout-flex">
<div class="wp-block-column is-layout-flow wp-block-column-is-layout-flow">
<p>La première apparition en public de ce Ventus  ctT équipé d&#8217;un Jet-Cat P160 a eu lieu en <strong>2002</strong> à AalenElchingen, un aérodrome situé au Sud-est de Stuttgart. Elle s&#8217;est déroulée lors de la réunion annuelle de l&#8217;Idaflieg. Les Idaflieg étant des manifestations annuelles où les Akaflieg Allemands en profitent pour présenter leurs derniers travaux. </p>



<p>Comme il se doit, la présentation par&nbsp;<strong>Martin Käppeler</strong>&nbsp;de Hambourg de son&nbsp;<strong>Ventus ctT</strong>&nbsp;équipé d&#8217;un petit JetCat devant donner 12 kg de poussée, a été un événement marquant.</p>



<p>Le réacteur était fixé sur un pylône situé sur la haut du fuselage, derrière la cabine du pilotage. Ce pylône abritait un réservoir de carburant d&#8217;une capacité 9 litres.</p>



<p>Ce réacteur permet au Ventus de conserver une vitesse de 100 kilomètres à heure (54kt) tout en ayant un vario extrêmement poussif (soit 5cm/s &nbsp;ou 0,01 kt/s) pendant 15 à 20 minutes.</p>



<p>L&#8217;objectif de cette présentation était de présenter le système aux services officiels Allemands (LBA, toujours présents dans les Idaflieg) afin de leur permettre de constater le niveau de bruit de l&#8217;appareil. Cette démarche était destinée à faire évoluer les règles de certification concernant ce nouveau mode de propulsion.</p>



<p>Cette démarche s&#8217;avéra payante, puisqu&#8217;il fut accordé deux permis de voler l&#8217;un pour ce Ventus CTT, l&#8217;autre pour un Ventus CM qui sera équipé de 2 JetCat 160 de 18 kg de poussée.&nbsp;</p>
</div>



<div class="wp-block-column is-layout-flow wp-block-column-is-layout-flow">
<figure class="wp-block-image size-large"><img loading="lazy" decoding="async" width="500" height="295" src="http://minijets.org/wp-content/uploads/2020/12/Ventus_CTT_jet_01.jpg" alt="" class="wp-image-1195" srcset="https://minijets.org/wp-content/uploads/2020/12/Ventus_CTT_jet_01.jpg 500w, https://minijets.org/wp-content/uploads/2020/12/Ventus_CTT_jet_01-300x177.jpg 300w, https://minijets.org/wp-content/uploads/2020/12/Ventus_CTT_jet_01-18x12.jpg 18w" sizes="auto, (max-width: 500px) 100vw, 500px" /><figcaption class="wp-element-caption">Source : Sailplane and gliding 12/2002, photo : Jochen Ewal</figcaption></figure>



<figure class="wp-block-image size-large"><img loading="lazy" decoding="async" width="666" height="742" src="http://minijets.org/wp-content/uploads/2020/12/Ventus_CTT_jet_02.jpg" alt="" class="wp-image-1194" srcset="https://minijets.org/wp-content/uploads/2020/12/Ventus_CTT_jet_02.jpg 666w, https://minijets.org/wp-content/uploads/2020/12/Ventus_CTT_jet_02-269x300.jpg 269w, https://minijets.org/wp-content/uploads/2020/12/Ventus_CTT_jet_02-11x12.jpg 11w" sizes="auto, (max-width: 666px) 100vw, 666px" /><figcaption class="wp-element-caption">Source : Sailplane and gliding 12/2002, photo : Jochen Ewal</figcaption></figure>
</div>
</div>

<p>La première apparition en public de ce Ventus ctT équipé d&#8217;un Jet-Cat P160 a eu lieu en 2002 à AalenElchingen, un aérodrome situé au Sud-est de Stuttgart. Elle s&#8217;est déroulée lors de la réunion annuelle de l&#8217;Idaflieg. Les Idaflieg étant des manifestations annuelles où les Akaflieg Allemands en profitent pour présenter leurs derniers travaux.  Comme il se doit, [&hellip;]</p>
