{"id":1246,"date":"2021-01-03T11:07:11","date_gmt":"2021-01-03T10:07:11","guid":{"rendered":"http:\/\/tst.minijets.org\/?page_id=1246"},"modified":"2022-11-03T17:58:55","modified_gmt":"2022-11-03T16:58:55","slug":"orange-demon","status":"publish","type":"page","link":"http:\/\/minijets.org\/en\/0-100\/jetcat-p300\/orange-demon\/","title":{"rendered":"Orange Demon"},"content":{"rendered":"<h2 class=\"wp-block-heading\">Planeur Russe AS-4-115 modifi\u00e9 par Igor Volkov et Alexandr Kulishov<\/h2>\n\n\n\n<figure class=\"wp-block-image size-large\"><img loading=\"lazy\" decoding=\"async\" width=\"1024\" height=\"233\" src=\"http:\/\/minijets.org\/wp-content\/uploads\/2020\/12\/Orange_demon_05-1024x233.jpg\" alt=\"Orange Demon jet glider\" class=\"wp-image-579\" srcset=\"https:\/\/minijets.org\/wp-content\/uploads\/2020\/12\/Orange_demon_05-1024x233.jpg 1024w, https:\/\/minijets.org\/wp-content\/uploads\/2020\/12\/Orange_demon_05-300x68.jpg 300w, https:\/\/minijets.org\/wp-content\/uploads\/2020\/12\/Orange_demon_05-768x175.jpg 768w, https:\/\/minijets.org\/wp-content\/uploads\/2020\/12\/Orange_demon_05-18x4.jpg 18w, https:\/\/minijets.org\/wp-content\/uploads\/2020\/12\/Orange_demon_05.jpg 1145w\" sizes=\"auto, (max-width: 1024px) 100vw, 1024px\" \/><\/figure>\n\n\n\n<p><strong>Igor Volkov<\/strong>\u00a0a fait faire son premier vol du motoplaneur \u00e0 r\u00e9action Orange Demon, sur l&#8217;a\u00e9rodrome de Shchekino dans la r\u00e9gion de Moscou,\u00a0<strong>le 10 novembre\u00a02018<\/strong>. Ce planeur \u00e0 r\u00e9action, con\u00e7u par Igor et\u00a0<strong>Alexander Kulishov<\/strong>, \u00e9taient \u00e9quipp\u00e9 de deux\u00a0<strong>JetCat 300 Pro<\/strong>. Il doit son nom d&#8217; &#8220;Orange demon\u201d au &#8220;Character Orange Demon&#8221; d&#8217;un dessin anim\u00e9 Japonais.\u00a0<\/p>\n\n\n\n<p>Cet avion est rermarquable car, pesant moins de 115 Kg, il rentre dans la classe des planeurs ultra l\u00e9ger.<\/p>\n\n\n\n<div class=\"wp-block-columns is-layout-flex wp-container-core-columns-is-layout-28f84493 wp-block-columns-is-layout-flex\">\n<div class=\"wp-block-column is-layout-flow wp-block-column-is-layout-flow\">\n<figure class=\"wp-block-image size-large\"><img loading=\"lazy\" decoding=\"async\" width=\"960\" height=\"720\" src=\"http:\/\/minijets.org\/wp-content\/uploads\/2020\/12\/Orange_demon_01.jpg\" alt=\"Orange Demon jet glider\" class=\"wp-image-578\" srcset=\"https:\/\/minijets.org\/wp-content\/uploads\/2020\/12\/Orange_demon_01.jpg 960w, https:\/\/minijets.org\/wp-content\/uploads\/2020\/12\/Orange_demon_01-300x225.jpg 300w, https:\/\/minijets.org\/wp-content\/uploads\/2020\/12\/Orange_demon_01-768x576.jpg 768w, https:\/\/minijets.org\/wp-content\/uploads\/2020\/12\/Orange_demon_01-16x12.jpg 16w\" sizes=\"auto, (max-width: 960px) 100vw, 960px\" \/><figcaption class=\"wp-element-caption\">Igor Volkov avant son vol d&#8217;essai du 10 novembre 2018<\/figcaption><\/figure>\n<\/div>\n\n\n\n<div class=\"wp-block-column is-layout-flow wp-block-column-is-layout-flow\">\n<p>The airframe itself is a carbon-fiber retrofit of a fibreglass analog of the Russian glider AS-4-115 produced by Aviastroitel OJSC, Penza (designed by Vladimir Fedorov) and capable of performing aerobatics.&nbsp;&nbsp;The weight was reduced by more than 35 kilograms.<\/p>\n\n\n\n<p>The two turbojets allow the glider to gain altitude of 3000\/4000 m with a vertical speed of 8 m\/s.&nbsp;But the main application of these engines is to climb 500 meters, turn them off, retract them inside the fuselage and continue the flight using thermal activities.<\/p>\n<\/div>\n<\/div>\n\n\n\n<div class=\"wp-block-columns is-layout-flex wp-container-core-columns-is-layout-28f84493 wp-block-columns-is-layout-flex\">\n<div class=\"wp-block-column is-layout-flow wp-block-column-is-layout-flow\">\n<figure class=\"wp-block-image size-large\"><img loading=\"lazy\" decoding=\"async\" width=\"960\" height=\"640\" src=\"http:\/\/minijets.org\/wp-content\/uploads\/2020\/12\/Orange_demon_02.jpg\" alt=\"Orange Demon jet glider\" class=\"wp-image-584\" srcset=\"https:\/\/minijets.org\/wp-content\/uploads\/2020\/12\/Orange_demon_02.jpg 960w, https:\/\/minijets.org\/wp-content\/uploads\/2020\/12\/Orange_demon_02-300x200.jpg 300w, https:\/\/minijets.org\/wp-content\/uploads\/2020\/12\/Orange_demon_02-768x512.jpg 768w, https:\/\/minijets.org\/wp-content\/uploads\/2020\/12\/Orange_demon_02-18x12.jpg 18w\" sizes=\"auto, (max-width: 960px) 100vw, 960px\" \/><figcaption class=\"wp-element-caption\">Premier vol de l&#8217;Orange Demon. Source : ruaviation.com<\/figcaption><\/figure>\n<\/div>\n\n\n\n<div class=\"wp-block-column is-layout-flow wp-block-column-is-layout-flow\">\n<figure class=\"wp-block-image size-large\"><img loading=\"lazy\" decoding=\"async\" width=\"640\" height=\"427\" src=\"http:\/\/minijets.org\/wp-content\/uploads\/2020\/12\/Orange_demon_04.jpg\" alt=\"Orange Demon jet glider\" class=\"wp-image-574\" srcset=\"https:\/\/minijets.org\/wp-content\/uploads\/2020\/12\/Orange_demon_04.jpg 640w, https:\/\/minijets.org\/wp-content\/uploads\/2020\/12\/Orange_demon_04-300x200.jpg 300w, https:\/\/minijets.org\/wp-content\/uploads\/2020\/12\/Orange_demon_04-18x12.jpg 18w\" sizes=\"auto, (max-width: 640px) 100vw, 640px\" \/><figcaption class=\"wp-element-caption\">Les 2 JetCat P300, qui pendant le premier vol sont rest\u00e9s sortis<\/figcaption><\/figure>\n<\/div>\n\n\n\n<div class=\"wp-block-column is-layout-flow wp-block-column-is-layout-flow\">\n<figure class=\"wp-block-image size-large\"><img loading=\"lazy\" decoding=\"async\" width=\"800\" height=\"532\" src=\"http:\/\/minijets.org\/wp-content\/uploads\/2020\/12\/Orange_demon_07.jpg\" alt=\"Orange Demon jet glider\" class=\"wp-image-576\" srcset=\"https:\/\/minijets.org\/wp-content\/uploads\/2020\/12\/Orange_demon_07.jpg 800w, https:\/\/minijets.org\/wp-content\/uploads\/2020\/12\/Orange_demon_07-300x200.jpg 300w, https:\/\/minijets.org\/wp-content\/uploads\/2020\/12\/Orange_demon_07-768x511.jpg 768w, https:\/\/minijets.org\/wp-content\/uploads\/2020\/12\/Orange_demon_07-18x12.jpg 18w\" sizes=\"auto, (max-width: 800px) 100vw, 800px\" \/><figcaption class=\"wp-element-caption\">Les 2 JetCat P300, qui pendant le premier vol sont rest\u00e9s sortis<\/figcaption><\/figure>\n\n\n\n<p><\/p>\n<\/div>\n<\/div>\n\n\n\n<p><\/p>","protected":false},"excerpt":{"rendered":"<p>Planeur Russe AS-4-115 modifi\u00e9 par Igor Volkov et Alexandr Kulishov Igor Volkov\u00a0a fait faire son premier vol du motoplaneur \u00e0 r\u00e9action Orange Demon, sur l&#8217;a\u00e9rodrome de Shchekino dans la r\u00e9gion de Moscou,\u00a0le 10 novembre\u00a02018. Ce planeur \u00e0 r\u00e9action, con\u00e7u par Igor et\u00a0Alexander Kulishov, \u00e9taient \u00e9quipp\u00e9 de deux\u00a0JetCat 300 Pro. Il doit son nom d&#8217; &#8220;Orange [&hellip;]<\/p>\n","protected":false},"author":1,"featured_media":582,"parent":566,"menu_order":0,"comment_status":"closed","ping_status":"closed","template":"","meta":{"_acf_changed":false,"cybocfi_hide_featured_image":"","footnotes":""},"categories":[17],"tags":[],"planes-000-100":[],"class_list":["post-1246","page","type-page","status-publish","has-post-thumbnail","hentry","category-plane-000-100"],"blocksy_meta":[],"acf":[],"_links":{"self":[{"href":"http:\/\/minijets.org\/en\/wp-json\/wp\/v2\/pages\/1246","targetHints":{"allow":["GET"]}}],"collection":[{"href":"http:\/\/minijets.org\/en\/wp-json\/wp\/v2\/pages"}],"about":[{"href":"http:\/\/minijets.org\/en\/wp-json\/wp\/v2\/types\/page"}],"author":[{"embeddable":true,"href":"http:\/\/minijets.org\/en\/wp-json\/wp\/v2\/users\/1"}],"replies":[{"embeddable":true,"href":"http:\/\/minijets.org\/en\/wp-json\/wp\/v2\/comments?post=1246"}],"version-history":[{"count":0,"href":"http:\/\/minijets.org\/en\/wp-json\/wp\/v2\/pages\/1246\/revisions"}],"up":[{"embeddable":true,"href":"http:\/\/minijets.org\/en\/wp-json\/wp\/v2\/pages\/566"}],"wp:featuredmedia":[{"embeddable":true,"href":"http:\/\/minijets.org\/en\/wp-json\/wp\/v2\/media\/582"}],"wp:attachment":[{"href":"http:\/\/minijets.org\/en\/wp-json\/wp\/v2\/media?parent=1246"}],"wp:term":[{"taxonomy":"category","embeddable":true,"href":"http:\/\/minijets.org\/en\/wp-json\/wp\/v2\/categories?post=1246"},{"taxonomy":"post_tag","embeddable":true,"href":"http:\/\/minijets.org\/en\/wp-json\/wp\/v2\/tags?post=1246"},{"taxonomy":"planes-000-100","embeddable":true,"href":"http:\/\/minijets.org\/en\/wp-json\/wp\/v2\/planes-000-100?post=1246"}],"curies":[{"name":"wp","href":"https:\/\/api.w.org\/{rel}","templated":true}]}}

<h2 class="wp-block-heading">Planeur Russe AS-4-115 modifié par Igor Volkov et Alexandr Kulishov</h2>



<figure class="wp-block-image size-large"><img loading="lazy" decoding="async" width="1024" height="233" src="http://minijets.org/wp-content/uploads/2020/12/Orange_demon_05-1024x233.jpg" alt="Orange Demon jet glider" class="wp-image-579" srcset="https://minijets.org/wp-content/uploads/2020/12/Orange_demon_05-1024x233.jpg 1024w, https://minijets.org/wp-content/uploads/2020/12/Orange_demon_05-300x68.jpg 300w, https://minijets.org/wp-content/uploads/2020/12/Orange_demon_05-768x175.jpg 768w, https://minijets.org/wp-content/uploads/2020/12/Orange_demon_05-18x4.jpg 18w, https://minijets.org/wp-content/uploads/2020/12/Orange_demon_05.jpg 1145w" sizes="auto, (max-width: 1024px) 100vw, 1024px" /></figure>



<p><strong>Igor Volkov</strong> a fait faire son premier vol du motoplaneur à réaction Orange Demon, sur l&#8217;aérodrome de Shchekino dans la région de Moscou, <strong>le 10 novembre 2018</strong>. Ce planeur à réaction, conçu par Igor et <strong>Alexander Kulishov</strong>, étaient équippé de deux <strong>JetCat 300 Pro</strong>. Il doit son nom d&#8217; &#8220;Orange demon” au &#8220;Character Orange Demon&#8221; d&#8217;un dessin animé Japonais. </p>



<p>Cet avion est rermarquable car, pesant moins de 115 Kg, il rentre dans la classe des planeurs ultra léger.</p>



<div class="wp-block-columns is-layout-flex wp-container-core-columns-is-layout-28f84493 wp-block-columns-is-layout-flex">
<div class="wp-block-column is-layout-flow wp-block-column-is-layout-flow">
<figure class="wp-block-image size-large"><img loading="lazy" decoding="async" width="960" height="720" src="http://minijets.org/wp-content/uploads/2020/12/Orange_demon_01.jpg" alt="Orange Demon jet glider" class="wp-image-578" srcset="https://minijets.org/wp-content/uploads/2020/12/Orange_demon_01.jpg 960w, https://minijets.org/wp-content/uploads/2020/12/Orange_demon_01-300x225.jpg 300w, https://minijets.org/wp-content/uploads/2020/12/Orange_demon_01-768x576.jpg 768w, https://minijets.org/wp-content/uploads/2020/12/Orange_demon_01-16x12.jpg 16w" sizes="auto, (max-width: 960px) 100vw, 960px" /><figcaption class="wp-element-caption">Igor Volkov avant son vol d&#8217;essai du 10 novembre 2018</figcaption></figure>
</div>



<div class="wp-block-column is-layout-flow wp-block-column-is-layout-flow">
<p>The airframe itself is a carbon-fiber retrofit of a fibreglass analog of the Russian glider AS-4-115 produced by Aviastroitel OJSC, Penza (designed by Vladimir Fedorov) and capable of performing aerobatics.&nbsp;&nbsp;The weight was reduced by more than 35 kilograms.</p>



<p>The two turbojets allow the glider to gain altitude of 3000/4000 m with a vertical speed of 8 m/s.&nbsp;But the main application of these engines is to climb 500 meters, turn them off, retract them inside the fuselage and continue the flight using thermal activities.</p>
</div>
</div>



<div class="wp-block-columns is-layout-flex wp-container-core-columns-is-layout-28f84493 wp-block-columns-is-layout-flex">
<div class="wp-block-column is-layout-flow wp-block-column-is-layout-flow">
<figure class="wp-block-image size-large"><img loading="lazy" decoding="async" width="960" height="640" src="http://minijets.org/wp-content/uploads/2020/12/Orange_demon_02.jpg" alt="Orange Demon jet glider" class="wp-image-584" srcset="https://minijets.org/wp-content/uploads/2020/12/Orange_demon_02.jpg 960w, https://minijets.org/wp-content/uploads/2020/12/Orange_demon_02-300x200.jpg 300w, https://minijets.org/wp-content/uploads/2020/12/Orange_demon_02-768x512.jpg 768w, https://minijets.org/wp-content/uploads/2020/12/Orange_demon_02-18x12.jpg 18w" sizes="auto, (max-width: 960px) 100vw, 960px" /><figcaption class="wp-element-caption">Premier vol de l&#8217;Orange Demon. Source : ruaviation.com</figcaption></figure>
</div>



<div class="wp-block-column is-layout-flow wp-block-column-is-layout-flow">
<figure class="wp-block-image size-large"><img loading="lazy" decoding="async" width="640" height="427" src="http://minijets.org/wp-content/uploads/2020/12/Orange_demon_04.jpg" alt="Orange Demon jet glider" class="wp-image-574" srcset="https://minijets.org/wp-content/uploads/2020/12/Orange_demon_04.jpg 640w, https://minijets.org/wp-content/uploads/2020/12/Orange_demon_04-300x200.jpg 300w, https://minijets.org/wp-content/uploads/2020/12/Orange_demon_04-18x12.jpg 18w" sizes="auto, (max-width: 640px) 100vw, 640px" /><figcaption class="wp-element-caption">Les 2 JetCat P300, qui pendant le premier vol sont restés sortis</figcaption></figure>
</div>



<div class="wp-block-column is-layout-flow wp-block-column-is-layout-flow">
<figure class="wp-block-image size-large"><img loading="lazy" decoding="async" width="800" height="532" src="http://minijets.org/wp-content/uploads/2020/12/Orange_demon_07.jpg" alt="Orange Demon jet glider" class="wp-image-576" srcset="https://minijets.org/wp-content/uploads/2020/12/Orange_demon_07.jpg 800w, https://minijets.org/wp-content/uploads/2020/12/Orange_demon_07-300x200.jpg 300w, https://minijets.org/wp-content/uploads/2020/12/Orange_demon_07-768x511.jpg 768w, https://minijets.org/wp-content/uploads/2020/12/Orange_demon_07-18x12.jpg 18w" sizes="auto, (max-width: 800px) 100vw, 800px" /><figcaption class="wp-element-caption">Les 2 JetCat P300, qui pendant le premier vol sont restés sortis</figcaption></figure>



<p></p>
</div>
</div>



<p></p>

<p>Planeur Russe AS-4-115 modifié par Igor Volkov et Alexandr Kulishov Igor Volkov a fait faire son premier vol du motoplaneur à réaction Orange Demon, sur l&#8217;aérodrome de Shchekino dans la région de Moscou, le 10 novembre 2018. Ce planeur à réaction, conçu par Igor et Alexander Kulishov, étaient équippé de deux JetCat 300 Pro. Il doit son nom d&#8217; &#8220;Orange [&hellip;]</p>
